{"id":5611,"date":"2023-12-11T17:24:02","date_gmt":"2023-12-11T17:24:02","guid":{"rendered":"http:\/\/172.16.2.72\/?page_id=5611"},"modified":"2023-12-11T19:44:16","modified_gmt":"2023-12-11T19:44:16","slug":"informacion-de-la-catedra2","status":"publish","type":"page","link":"https:\/\/atl.org.mx\/index.php\/informacion-de-la-catedra2\/","title":{"rendered":"Informaci\u00f3n de la c\u00e1tedra"},"content":{"rendered":"\t\t<div data-elementor-type=\"wp-page\" data-elementor-id=\"5611\" class=\"elementor elementor-5611\">\n\t\t\t\t\t\t<section class=\"penci-section penci-disSticky penci-structure-22 elementor-section elementor-top-section elementor-element elementor-element-9500b29 elementor-section-boxed elementor-section-height-default elementor-section-height-default\" data-id=\"9500b29\" data-element_type=\"section\" data-e-type=\"section\">\n\t\t\t\t\t\t<div class=\"elementor-container elementor-column-gap-default\">\n\t\t\t\t\t<div class=\"penci-ercol-66 penci-ercol-order-1 penci-sticky-ct    elementor-column elementor-col-66 elementor-top-column elementor-element elementor-element-d472975\" data-id=\"d472975\" data-element_type=\"column\" data-e-type=\"column\">\n\t\t\t<div class=\"elementor-widget-wrap elementor-element-populated\">\n\t\t\t\t\t\t<div class=\"elementor-element elementor-element-a7b975f elementor-widget elementor-widget-penci-animated-headline\" data-id=\"a7b975f\" data-element_type=\"widget\" data-e-type=\"widget\" data-widget_type=\"penci-animated-headline.default\">\n\t\t\t\t<div class=\"elementor-widget-container\">\n\t\t\t\t\t<div data-style=\"rotating\" data-text=\" agua potable,, saneamiento,, producci\u00f3n de alimentos\" data-rotate=\"typing\" data-delay=\"2500\" data-letter-speed=\"100\" data-delay-delete=\"500\" class=\"penci-animated-headline\"><p class=\"penci-animated-text\"><span class=\"normal-text style-color\">La gesti\u00f3n sustentable del agua, que involucra entre otros aspectos la provisi\u00f3n de servicios de <\/span><span class=\"dynamic-wrapper style-gradient\"><span class=\"dynamic-text\"><span class=\"dynamic-text-letter\"> <\/span><span class=\"dynamic-text-letter\">a<\/span><span class=\"dynamic-text-letter\">g<\/span><span class=\"dynamic-text-letter\">u<\/span><span class=\"dynamic-text-letter\">a<\/span><span class=\"dynamic-text-letter\"> <\/span><span class=\"dynamic-text-letter\">p<\/span><span class=\"dynamic-text-letter\">o<\/span><span class=\"dynamic-text-letter\">t<\/span><span class=\"dynamic-text-letter\">a<\/span><span class=\"dynamic-text-letter\">b<\/span><span class=\"dynamic-text-letter\">l<\/span><span class=\"dynamic-text-letter\">e<\/span><span class=\"dynamic-text-letter\">,<\/span><\/span><span class=\"dynamic-text\"><span class=\"dynamic-text-letter\"> <\/span><span class=\"dynamic-text-letter\">s<\/span><span class=\"dynamic-text-letter\">a<\/span><span class=\"dynamic-text-letter\">n<\/span><span class=\"dynamic-text-letter\">e<\/span><span class=\"dynamic-text-letter\">a<\/span><span class=\"dynamic-text-letter\">m<\/span><span class=\"dynamic-text-letter\">i<\/span><span class=\"dynamic-text-letter\">e<\/span><span class=\"dynamic-text-letter\">n<\/span><span class=\"dynamic-text-letter\">t<\/span><span class=\"dynamic-text-letter\">o<\/span><span class=\"dynamic-text-letter\">,<\/span><\/span><span class=\"dynamic-text\"><span class=\"dynamic-text-letter\"> <\/span><span class=\"dynamic-text-letter\">p<\/span><span class=\"dynamic-text-letter\">r<\/span><span class=\"dynamic-text-letter\">o<\/span><span class=\"dynamic-text-letter\">d<\/span><span class=\"dynamic-text-letter\">u<\/span><span class=\"dynamic-text-letter\">c<\/span><span class=\"dynamic-text-letter\">c<\/span><span class=\"dynamic-text-letter\">i<\/span><span class=\"dynamic-text-letter\">\u00f3<\/span><span class=\"dynamic-text-letter\">n<\/span><span class=\"dynamic-text-letter\"> <\/span><span class=\"dynamic-text-letter\">d<\/span><span class=\"dynamic-text-letter\">e<\/span><span class=\"dynamic-text-letter\"> <\/span><span class=\"dynamic-text-letter\">a<\/span><span class=\"dynamic-text-letter\">l<\/span><span class=\"dynamic-text-letter\">i<\/span><span class=\"dynamic-text-letter\">m<\/span><span class=\"dynamic-text-letter\">e<\/span><span class=\"dynamic-text-letter\">n<\/span><span class=\"dynamic-text-letter\">t<\/span><span class=\"dynamic-text-letter\">o<\/span><span class=\"dynamic-text-letter\">s<\/span><\/span><\/span><span class=\"normal-text style-color\"> y competitividad econ\u00f3mica<\/span><\/p><\/div>\t\t\t\t<\/div>\n\t\t\t\t<\/div>\n\t\t\t\t<div class=\"elementor-element elementor-element-fc4e3ee elementor-widget elementor-widget-penci-text-block\" data-id=\"fc4e3ee\" data-element_type=\"widget\" data-e-type=\"widget\" data-widget_type=\"penci-text-block.default\">\n\t\t\t\t<div class=\"elementor-widget-container\">\n\t\t\t\t\t\t\t<div class=\"penci-block-vc penci-text-editor\">\n\t\t\t\t\t\t<div class=\"penci-block_content\">\n\t\t\t\t<div class=\"elementor-text-editor elementor-clearfix\"><p>es uno de los grandes retos para la humanidad. La contaminaci\u00f3n y la sobreexplotaci\u00f3n de r\u00edos y acu\u00edferos ocasionan la p\u00e9rdida de servicios ambientales y m\u00faltiples alteraciones al ciclo hidrol\u00f3gico.<\/p><p>Hoy en d\u00eda, en el mundo m\u00e1s de 1,100 millones de personas no tienen acceso al agua en cantidad y calidad adecuadas, y m\u00e1s de 2,400 millones no cuentan con servicios de saneamiento b\u00e1sico.<\/p><p>El eje central de la sociedad moderna, por otra parte, es la informaci\u00f3n y el conocimiento. Se estima que actualmente, entre el 70 y 80% del crecimiento econ\u00f3mico se debe a nuevos o mejores conocimientos. La Sociedad del Conocimiento no emerge de manera autom\u00e1tica. Es necesario tomar la iniciativa, y debe construirse sobre la base de informaci\u00f3n suficiente, confiable y disponible.<\/p><p>Para hacer posible la gesti\u00f3n sustentable del agua es necesario crear capacidades con la finalidad que el conocimiento sobre el recurso sea comprendido y apropiado por la sociedad.<\/p><p>Las sociedades del conocimiento se construyen mediante la integraci\u00f3n de capacidades tecnol\u00f3gicas y cognitivas, la revalorizaci\u00f3n de la sabidur\u00eda ancestral y la b\u00fasqueda de formas eficientes y duraderas de transmisi\u00f3n e interpretaci\u00f3n del conocimiento.<\/p><p>La Sociedad del Conocimiento apunta a lograr una sociedad equitativa, aut\u00f3noma y solidaria que sea capaz de nutrirse en su diversidad y capacidades; que logre crear, difundir, aplicar e innovar integrando sus dimensiones social, ambiental, \u00e9tica y econ\u00f3mica.<\/p><p>\u00a0<\/p><\/div>\n\t\t\t<\/div>\n\t\t<\/div>\n\t\t\t\t\t\t<\/div>\n\t\t\t\t<\/div>\n\t\t\t\t\t<\/div>\n\t\t<\/div>\n\t\t\t\t<div class=\"penci-ercol-33 penci-ercol-order-2 penci-sticky-sb penci-sidebarSC   elementor-column elementor-col-33 elementor-top-column elementor-element elementor-element-2c5e098\" data-id=\"2c5e098\" data-element_type=\"column\" data-e-type=\"column\">\n\t\t\t<div class=\"elementor-widget-wrap elementor-element-populated\">\n\t\t\t\t\t\t<div class=\"elementor-element elementor-element-5ce0b55 elementor-invisible elementor-widget elementor-widget-image\" data-id=\"5ce0b55\" data-element_type=\"widget\" data-e-type=\"widget\" data-settings=\"{&quot;_animation&quot;:&quot;slideInUp&quot;}\" data-widget_type=\"image.default\">\n\t\t\t\t<div class=\"elementor-widget-container\">\n\t\t\t\t\t\t\t\t\t\t\t\t\t\t\t<img decoding=\"async\" width=\"164\" height=\"148\" src=\"https:\/\/atl.org.mx\/wp-content\/uploads\/2021\/02\/agua_water_3.jpg\" class=\"attachment-large size-large wp-image-3558\" alt=\"Water\" \/>\t\t\t\t\t\t\t\t\t\t\t\t\t\t\t<\/div>\n\t\t\t\t<\/div>\n\t\t\t\t<div class=\"elementor-element elementor-element-583cd8d elementor-invisible elementor-widget elementor-widget-image\" data-id=\"583cd8d\" data-element_type=\"widget\" data-e-type=\"widget\" data-settings=\"{&quot;_animation&quot;:&quot;slideInUp&quot;}\" data-widget_type=\"image.default\">\n\t\t\t\t<div class=\"elementor-widget-container\">\n\t\t\t\t\t\t\t\t\t\t\t\t\t\t\t<img decoding=\"async\" width=\"212\" height=\"186\" src=\"https:\/\/atl.org.mx\/wp-content\/uploads\/2021\/02\/agua_water_2.jpg\" class=\"attachment-large size-large wp-image-3556\" alt=\"Agua\" \/>\t\t\t\t\t\t\t\t\t\t\t\t\t\t\t<\/div>\n\t\t\t\t<\/div>\n\t\t\t\t<div class=\"elementor-element elementor-element-b447932 animated-slow elementor-invisible elementor-widget elementor-widget-image\" data-id=\"b447932\" data-element_type=\"widget\" data-e-type=\"widget\" data-settings=\"{&quot;_animation&quot;:&quot;fadeInUp&quot;}\" data-widget_type=\"image.default\">\n\t\t\t\t<div class=\"elementor-widget-container\">\n\t\t\t\t\t\t\t\t\t\t\t\t\t\t\t<img decoding=\"async\" width=\"150\" height=\"150\" src=\"https:\/\/atl.org.mx\/wp-content\/uploads\/2021\/02\/agua_water-150x150.jpg\" class=\"attachment-thumbnail size-thumbnail wp-image-3554\" alt=\"Agua\" srcset=\"https:\/\/atl.org.mx\/wp-content\/uploads\/2021\/02\/agua_water-150x150.jpg 150w, https:\/\/atl.org.mx\/wp-content\/uploads\/2021\/02\/agua_water-85x85.jpg 85w, https:\/\/atl.org.mx\/wp-content\/uploads\/2021\/02\/agua_water-32x32.jpg 32w\" sizes=\"(max-width: 150px) 100vw, 150px\" \/>\t\t\t\t\t\t\t\t\t\t\t\t\t\t\t<\/div>\n\t\t\t\t<\/div>\n\t\t\t\t\t<\/div>\n\t\t<\/div>\n\t\t\t\t\t<\/div>\n\t\t<\/section>\n\t\t\t\t<\/div>\n\t\t","protected":false},"excerpt":{"rendered":"<p>La gesti\u00f3n sustentable del agua, que involucra entre otros aspectos la provisi\u00f3n de servicios de agua potable, saneamiento, producci\u00f3n de alimentos y&hellip;<\/p>\n","protected":false},"author":1,"featured_media":0,"parent":0,"menu_order":0,"comment_status":"closed","ping_status":"closed","template":"","meta":{"content-type":"","_lmt_disableupdate":"","_lmt_disable":"","footnotes":""},"class_list":["post-5611","page","type-page","status-publish","hentry"],"yoast_head":"<!-- This site is optimized with the Yoast SEO plugin v27.4 - https:\/\/yoast.com\/product\/yoast-seo-wordpress\/ -->\n<title>Informaci\u00f3n de la c\u00e1tedra - ATL el portal del agua de la C\u00e1tedra Unesco IMTA<\/title>\n<meta name=\"robots\" content=\"index, follow, max-snippet:-1, max-image-preview:large, max-video-preview:-1\" \/>\n<link rel=\"canonical\" href=\"https:\/\/atl.org.mx\/index.php\/informacion-de-la-catedra2\/\" \/>\n<meta property=\"og:locale\" content=\"es_MX\" \/>\n<meta property=\"og:type\" content=\"article\" \/>\n<meta property=\"og:title\" content=\"Informaci\u00f3n de la c\u00e1tedra - ATL el portal del agua de la C\u00e1tedra Unesco IMTA\" \/>\n<meta property=\"og:description\" content=\"La gesti\u00f3n sustentable del agua, que involucra entre otros aspectos la provisi\u00f3n de servicios de agua potable, saneamiento, producci\u00f3n de alimentos y&hellip;\" \/>\n<meta property=\"og:url\" content=\"https:\/\/atl.org.mx\/index.php\/informacion-de-la-catedra2\/\" \/>\n<meta property=\"og:site_name\" content=\"ATL el portal del agua de la C\u00e1tedra Unesco IMTA\" \/>\n<meta property=\"article:modified_time\" content=\"2023-12-11T19:44:16+00:00\" \/>\n<meta property=\"og:image\" content=\"http:\/\/172.16.2.72\/wp-content\/uploads\/2021\/02\/agua_water_3.jpg\" \/>\n<meta name=\"twitter:card\" content=\"summary_large_image\" \/>\n<meta name=\"twitter:label1\" content=\"Tiempo de lectura\" \/>\n\t<meta name=\"twitter:data1\" content=\"2 minutos\" \/>\n<script type=\"application\/ld+json\" class=\"yoast-schema-graph\">{\"@context\":\"https:\\\/\\\/schema.org\",\"@graph\":[{\"@type\":\"WebPage\",\"@id\":\"https:\\\/\\\/atl.org.mx\\\/index.php\\\/informacion-de-la-catedra2\\\/\",\"url\":\"https:\\\/\\\/atl.org.mx\\\/index.php\\\/informacion-de-la-catedra2\\\/\",\"name\":\"Informaci\u00f3n de la c\u00e1tedra - ATL el portal del agua de la C\u00e1tedra Unesco IMTA\",\"isPartOf\":{\"@id\":\"https:\\\/\\\/atl.org.mx\\\/#website\"},\"primaryImageOfPage\":{\"@id\":\"https:\\\/\\\/atl.org.mx\\\/index.php\\\/informacion-de-la-catedra2\\\/#primaryimage\"},\"image\":{\"@id\":\"https:\\\/\\\/atl.org.mx\\\/index.php\\\/informacion-de-la-catedra2\\\/#primaryimage\"},\"thumbnailUrl\":\"http:\\\/\\\/172.16.2.72\\\/wp-content\\\/uploads\\\/2021\\\/02\\\/agua_water_3.jpg\",\"datePublished\":\"2023-12-11T17:24:02+00:00\",\"dateModified\":\"2023-12-11T19:44:16+00:00\",\"breadcrumb\":{\"@id\":\"https:\\\/\\\/atl.org.mx\\\/index.php\\\/informacion-de-la-catedra2\\\/#breadcrumb\"},\"inLanguage\":\"es\",\"potentialAction\":[{\"@type\":\"ReadAction\",\"target\":[\"https:\\\/\\\/atl.org.mx\\\/index.php\\\/informacion-de-la-catedra2\\\/\"]}]},{\"@type\":\"ImageObject\",\"inLanguage\":\"es\",\"@id\":\"https:\\\/\\\/atl.org.mx\\\/index.php\\\/informacion-de-la-catedra2\\\/#primaryimage\",\"url\":\"http:\\\/\\\/172.16.2.72\\\/wp-content\\\/uploads\\\/2021\\\/02\\\/agua_water_3.jpg\",\"contentUrl\":\"http:\\\/\\\/172.16.2.72\\\/wp-content\\\/uploads\\\/2021\\\/02\\\/agua_water_3.jpg\"},{\"@type\":\"BreadcrumbList\",\"@id\":\"https:\\\/\\\/atl.org.mx\\\/index.php\\\/informacion-de-la-catedra2\\\/#breadcrumb\",\"itemListElement\":[{\"@type\":\"ListItem\",\"position\":1,\"name\":\"Inicio\",\"item\":\"https:\\\/\\\/atl.org.mx\\\/\"},{\"@type\":\"ListItem\",\"position\":2,\"name\":\"Informaci\u00f3n de la c\u00e1tedra\"}]},{\"@type\":\"WebSite\",\"@id\":\"https:\\\/\\\/atl.org.mx\\\/#website\",\"url\":\"https:\\\/\\\/atl.org.mx\\\/\",\"name\":\"ATL el portal del agua de la C\u00e1tedra Unesco IMTA\",\"description\":\"C\u00e1tedra UNESCO-IMTA\",\"publisher\":{\"@id\":\"https:\\\/\\\/atl.org.mx\\\/#organization\"},\"potentialAction\":[{\"@type\":\"SearchAction\",\"target\":{\"@type\":\"EntryPoint\",\"urlTemplate\":\"https:\\\/\\\/atl.org.mx\\\/?s={search_term_string}\"},\"query-input\":{\"@type\":\"PropertyValueSpecification\",\"valueRequired\":true,\"valueName\":\"search_term_string\"}}],\"inLanguage\":\"es\"},{\"@type\":\"Organization\",\"@id\":\"https:\\\/\\\/atl.org.mx\\\/#organization\",\"name\":\"ATL el portal del agua de la C\u00e1tedra Unesco IMTA\",\"url\":\"https:\\\/\\\/atl.org.mx\\\/\",\"logo\":{\"@type\":\"ImageObject\",\"inLanguage\":\"es\",\"@id\":\"https:\\\/\\\/atl.org.mx\\\/#\\\/schema\\\/logo\\\/image\\\/\",\"url\":\"https:\\\/\\\/atl.org.mx\\\/wp-content\\\/uploads\\\/2023\\\/09\\\/logo_atl_catedra3.png\",\"contentUrl\":\"https:\\\/\\\/atl.org.mx\\\/wp-content\\\/uploads\\\/2023\\\/09\\\/logo_atl_catedra3.png\",\"width\":250,\"height\":151,\"caption\":\"ATL el portal del agua de la C\u00e1tedra Unesco IMTA\"},\"image\":{\"@id\":\"https:\\\/\\\/atl.org.mx\\\/#\\\/schema\\\/logo\\\/image\\\/\"}}]}<\/script>\n<!-- \/ Yoast SEO plugin. -->","yoast_head_json":{"title":"Informaci\u00f3n de la c\u00e1tedra - ATL el portal del agua de la C\u00e1tedra Unesco IMTA","robots":{"index":"index","follow":"follow","max-snippet":"max-snippet:-1","max-image-preview":"max-image-preview:large","max-video-preview":"max-video-preview:-1"},"canonical":"https:\/\/atl.org.mx\/index.php\/informacion-de-la-catedra2\/","og_locale":"es_MX","og_type":"article","og_title":"Informaci\u00f3n de la c\u00e1tedra - ATL el portal del agua de la C\u00e1tedra Unesco IMTA","og_description":"La gesti\u00f3n sustentable del agua, que involucra entre otros aspectos la provisi\u00f3n de servicios de agua potable, saneamiento, producci\u00f3n de alimentos y&hellip;","og_url":"https:\/\/atl.org.mx\/index.php\/informacion-de-la-catedra2\/","og_site_name":"ATL el portal del agua de la C\u00e1tedra Unesco IMTA","article_modified_time":"2023-12-11T19:44:16+00:00","og_image":[{"url":"http:\/\/172.16.2.72\/wp-content\/uploads\/2021\/02\/agua_water_3.jpg","type":"","width":"","height":""}],"twitter_card":"summary_large_image","twitter_misc":{"Tiempo de lectura":"2 minutos"},"schema":{"@context":"https:\/\/schema.org","@graph":[{"@type":"WebPage","@id":"https:\/\/atl.org.mx\/index.php\/informacion-de-la-catedra2\/","url":"https:\/\/atl.org.mx\/index.php\/informacion-de-la-catedra2\/","name":"Informaci\u00f3n de la c\u00e1tedra - ATL el portal del agua de la C\u00e1tedra Unesco IMTA","isPartOf":{"@id":"https:\/\/atl.org.mx\/#website"},"primaryImageOfPage":{"@id":"https:\/\/atl.org.mx\/index.php\/informacion-de-la-catedra2\/#primaryimage"},"image":{"@id":"https:\/\/atl.org.mx\/index.php\/informacion-de-la-catedra2\/#primaryimage"},"thumbnailUrl":"http:\/\/172.16.2.72\/wp-content\/uploads\/2021\/02\/agua_water_3.jpg","datePublished":"2023-12-11T17:24:02+00:00","dateModified":"2023-12-11T19:44:16+00:00","breadcrumb":{"@id":"https:\/\/atl.org.mx\/index.php\/informacion-de-la-catedra2\/#breadcrumb"},"inLanguage":"es","potentialAction":[{"@type":"ReadAction","target":["https:\/\/atl.org.mx\/index.php\/informacion-de-la-catedra2\/"]}]},{"@type":"ImageObject","inLanguage":"es","@id":"https:\/\/atl.org.mx\/index.php\/informacion-de-la-catedra2\/#primaryimage","url":"http:\/\/172.16.2.72\/wp-content\/uploads\/2021\/02\/agua_water_3.jpg","contentUrl":"http:\/\/172.16.2.72\/wp-content\/uploads\/2021\/02\/agua_water_3.jpg"},{"@type":"BreadcrumbList","@id":"https:\/\/atl.org.mx\/index.php\/informacion-de-la-catedra2\/#breadcrumb","itemListElement":[{"@type":"ListItem","position":1,"name":"Inicio","item":"https:\/\/atl.org.mx\/"},{"@type":"ListItem","position":2,"name":"Informaci\u00f3n de la c\u00e1tedra"}]},{"@type":"WebSite","@id":"https:\/\/atl.org.mx\/#website","url":"https:\/\/atl.org.mx\/","name":"ATL el portal del agua de la C\u00e1tedra Unesco IMTA","description":"C\u00e1tedra UNESCO-IMTA","publisher":{"@id":"https:\/\/atl.org.mx\/#organization"},"potentialAction":[{"@type":"SearchAction","target":{"@type":"EntryPoint","urlTemplate":"https:\/\/atl.org.mx\/?s={search_term_string}"},"query-input":{"@type":"PropertyValueSpecification","valueRequired":true,"valueName":"search_term_string"}}],"inLanguage":"es"},{"@type":"Organization","@id":"https:\/\/atl.org.mx\/#organization","name":"ATL el portal del agua de la C\u00e1tedra Unesco IMTA","url":"https:\/\/atl.org.mx\/","logo":{"@type":"ImageObject","inLanguage":"es","@id":"https:\/\/atl.org.mx\/#\/schema\/logo\/image\/","url":"https:\/\/atl.org.mx\/wp-content\/uploads\/2023\/09\/logo_atl_catedra3.png","contentUrl":"https:\/\/atl.org.mx\/wp-content\/uploads\/2023\/09\/logo_atl_catedra3.png","width":250,"height":151,"caption":"ATL el portal del agua de la C\u00e1tedra Unesco IMTA"},"image":{"@id":"https:\/\/atl.org.mx\/#\/schema\/logo\/image\/"}}]}},"_links":{"self":[{"href":"https:\/\/atl.org.mx\/index.php\/wp-json\/wp\/v2\/pages\/5611","targetHints":{"allow":["GET"]}}],"collection":[{"href":"https:\/\/atl.org.mx\/index.php\/wp-json\/wp\/v2\/pages"}],"about":[{"href":"https:\/\/atl.org.mx\/index.php\/wp-json\/wp\/v2\/types\/page"}],"author":[{"embeddable":true,"href":"https:\/\/atl.org.mx\/index.php\/wp-json\/wp\/v2\/users\/1"}],"replies":[{"embeddable":true,"href":"https:\/\/atl.org.mx\/index.php\/wp-json\/wp\/v2\/comments?post=5611"}],"version-history":[{"count":231,"href":"https:\/\/atl.org.mx\/index.php\/wp-json\/wp\/v2\/pages\/5611\/revisions"}],"predecessor-version":[{"id":5846,"href":"https:\/\/atl.org.mx\/index.php\/wp-json\/wp\/v2\/pages\/5611\/revisions\/5846"}],"wp:attachment":[{"href":"https:\/\/atl.org.mx\/index.php\/wp-json\/wp\/v2\/media?parent=5611"}],"curies":[{"name":"wp","href":"https:\/\/api.w.org\/{rel}","templated":true}]}}