{"id":5017,"date":"2023-03-14T18:05:40","date_gmt":"2023-03-14T18:05:40","guid":{"rendered":"http:\/\/localhost\/atl\/?page_id=5017"},"modified":"2024-02-22T21:35:43","modified_gmt":"2024-02-22T21:35:43","slug":"espacio-de-conocimiento-2023","status":"publish","type":"page","link":"https:\/\/atl.org.mx\/index.php\/espacio-de-conocimiento-2023\/","title":{"rendered":"Espacio de conocimiento 2023"},"content":{"rendered":"\t\t<div data-elementor-type=\"wp-page\" data-elementor-id=\"5017\" class=\"elementor elementor-5017\">\n\t\t\t\t\t\t<section class=\"penci-section penci-disSticky penci-structure-10 elementor-section elementor-top-section elementor-element elementor-element-3aad4a86 elementor-section-boxed elementor-section-height-default elementor-section-height-default\" data-id=\"3aad4a86\" data-element_type=\"section\" data-e-type=\"section\">\n\t\t\t\t\t\t<div class=\"elementor-container elementor-column-gap-default\">\n\t\t\t\t\t<div class=\"penci-ercol-100 penci-ercol-order-1 penci-sticky-ct    elementor-column elementor-col-100 elementor-top-column elementor-element elementor-element-41576b40\" data-id=\"41576b40\" data-element_type=\"column\" data-e-type=\"column\">\n\t\t\t<div class=\"elementor-widget-wrap elementor-element-populated\">\n\t\t\t\t\t\t<div class=\"elementor-element elementor-element-1a603d1b elementor-widget elementor-widget-text-editor\" data-id=\"1a603d1b\" data-element_type=\"widget\" data-e-type=\"widget\" data-widget_type=\"text-editor.default\">\n\t\t\t\t<div class=\"elementor-widget-container\">\n\t\t\t\t\t\t\t\t\t<p>El <strong>Espacio de Conocimiento<\/strong> se cre\u00f3 con la finalidad de ser un lugar de encuentro entre investigadores, acad\u00e9micos, especialistas y profesionales interesados en el an\u00e1lisis, la investigaci\u00f3n y la b\u00fasqueda del conocimiento y soluciones de problemas relacionados con el agua, as\u00ed como p\u00fablico en general; j\u00f3venes en particular.<\/p>\n<p><span style=\"color: inherit; font-family: inherit; font-size: inherit; font-weight: inherit; text-align: inherit; background-color: var(--pcbg-cl);\">Ante las nuevas condiciones de comunicaci\u00f3n, impulsamos la creaci\u00f3n de din\u00e1micas y eventos en l\u00ednea, as\u00ed como el empleo de diversas plataformas digitales con temas y formatos diversos para la divulgaci\u00f3n de la ciencia y la difusi\u00f3n del conocimiento asociado al agua.<\/span><br><\/p>\t\t\t\t\t\t\t\t<\/div>\n\t\t\t\t<\/div>\n\t\t\t\t\t<\/div>\n\t\t<\/div>\n\t\t\t\t\t<\/div>\n\t\t<\/section>\n\t\t\t\t<section class=\"penci-section penci-disSticky penci-structure-10 elementor-section elementor-top-section elementor-element elementor-element-bbd7167 elementor-section-boxed elementor-section-height-default elementor-section-height-default\" data-id=\"bbd7167\" data-element_type=\"section\" data-e-type=\"section\">\n\t\t\t\t\t\t<div class=\"elementor-container elementor-column-gap-default\">\n\t\t\t\t\t<div class=\"penci-ercol-100 penci-ercol-order-1 penci-sticky-ct    elementor-column elementor-col-100 elementor-top-column elementor-element elementor-element-dee8e45\" data-id=\"dee8e45\" data-element_type=\"column\" data-e-type=\"column\">\n\t\t\t<div class=\"elementor-widget-wrap\">\n\t\t\t\t\t\t\t<\/div>\n\t\t<\/div>\n\t\t\t\t\t<\/div>\n\t\t<\/section>\n\t\t\t\t<section class=\"penci-section penci-disSticky penci-structure-10 elementor-section elementor-top-section elementor-element elementor-element-b75ca81 elementor-section-boxed elementor-section-height-default elementor-section-height-default\" data-id=\"b75ca81\" data-element_type=\"section\" data-e-type=\"section\">\n\t\t\t\t\t\t<div class=\"elementor-container elementor-column-gap-default\">\n\t\t\t\t\t<div class=\"penci-ercol-100 penci-ercol-order-1 penci-sticky-ct    elementor-column elementor-col-100 elementor-top-column elementor-element elementor-element-a6fa59b\" data-id=\"a6fa59b\" data-element_type=\"column\" data-e-type=\"column\">\n\t\t\t<div class=\"elementor-widget-wrap elementor-element-populated\">\n\t\t\t\t\t\t<div class=\"elementor-element elementor-element-0ea8c9a elementor-widget elementor-widget-penci-big-grid\" data-id=\"0ea8c9a\" data-element_type=\"widget\" data-e-type=\"widget\" data-widget_type=\"penci-big-grid.default\">\n\t\t\t\t<div class=\"elementor-widget-container\">\n\t\t\t\t\t        <div class=\"penci-clearfix penci-biggrid-wrapper penci-grid-col-3 penci-grid-mcol-1 penci-bgrid-based-post penci-bgrid-style-1 pcbg-ficonpo-top-right pcbg-reiconpo-top-left penci-bgrid-content-above pencibg-imageh-zoom-in pencibg-texth-none pencibg-textani-movetop textop pencipw-hd-text\">\n\t\t\t            <div class=\"penci-clearfix penci-biggrid penci-bgstyle-1 penci-bgel\">\n                <div class=\"penci-biggrid-inner default\">\n\t\t\t\t\t<div class=\"penci-clearfix penci-biggrid-data penci-dflex\"><div class=\"penci-bgitem\">\n    <div class=\"penci-bgitin\">\n        <div class=\"penci-bgmain\">\n            <div class=\"pcbg-thumb\">\n\t\t\t\t\t\t\t\t                <div class=\"pcbg-thumbin\">\n                    <a class=\"pcbg-bgoverlay active-overlay\"\n                       href=\"https:\/\/atl.org.mx\/index.php\/2do-coloquio-sobre-instrumentos-economicos-de-politica-hidrica\/\" title=\"2do Coloquio sobre instrumentos econ\u00f3micos de pol\u00edtica h\u00eddrica\"><\/a>\n\n                        <div  data-bgset=\"https:\/\/atl.org.mx\/wp-content\/uploads\/2023\/09\/2Coloquio-585x307.jpg\" data_bg_hidpi=\"https:\/\/atl.org.mx\/wp-content\/uploads\/2023\/09\/2Coloquio-585x307.jpg\" class=\"penci-lazy penci-image-holder\">\n                                                    <\/div>\n\n                <\/div>\n            <\/div>\n            <div class=\"pcbg-content\">\n                <div class=\"pcbg-content-flex\">\n                    <a class=\"pcbg-bgoverlay\"\n                       href=\"https:\/\/atl.org.mx\/index.php\/2do-coloquio-sobre-instrumentos-economicos-de-politica-hidrica\/\" title=\"2do Coloquio sobre instrumentos econ\u00f3micos de pol\u00edtica h\u00eddrica\"><\/a>\n                    <div class=\"pcbg-content-inner bgcontent-block\">\n                        <a href=\"https:\/\/atl.org.mx\/index.php\/2do-coloquio-sobre-instrumentos-economicos-de-politica-hidrica\/\" title=\"2do Coloquio sobre instrumentos econ\u00f3micos de pol\u00edtica h\u00eddrica\"\n                           class=\"pcbg-bgoverlaytext item-hover\"><\/a>\n\n\t\t\t\t\t\t\n\t\t\t\t\t\t                            <div class=\"pcbg-heading item-hover\">\n                                <h3 class=\"pcbg-title\">\n                                    <a href=\"https:\/\/atl.org.mx\/index.php\/2do-coloquio-sobre-instrumentos-economicos-de-politica-hidrica\/\">\n\t\t\t\t\t\t\t\t\t\t2do Coloquio sobre instrumentos econ\u00f3micos de pol\u00edtica h\u00eddrica                                    <\/a>\n                                <\/h3>\n                            <\/div>\n\t\t\t\t\t\t\n\t\t\t\t\t\t\n\t\t\t\t\t\t                    <\/div>\n                <\/div>\n            <\/div>\n        <\/div>\n    <\/div>\n<\/div>\n<div class=\"penci-bgitem\">\n    <div class=\"penci-bgitin\">\n        <div class=\"penci-bgmain\">\n            <div class=\"pcbg-thumb\">\n\t\t\t\t\t\t\t\t                <div class=\"pcbg-thumbin\">\n                    <a class=\"pcbg-bgoverlay active-overlay\"\n                       href=\"https:\/\/atl.org.mx\/index.php\/conversatorio-en-linea-mujeres-agua-y-ciencia-rompiendo-brechas-en-el-mundo-digital-2\/\" title=\"Conversatorio en l\u00ednea: Mujeres, agua y ciencia, rompiendo brechas en el mundo digital\"><\/a>\n\n                        <div  data-bgset=\"https:\/\/atl.org.mx\/wp-content\/uploads\/2023\/03\/conversatorio-585x585.jpg\" data_bg_hidpi=\"https:\/\/atl.org.mx\/wp-content\/uploads\/2023\/03\/conversatorio-585x585.jpg\" class=\"penci-lazy penci-image-holder\">\n                                                    <\/div>\n\n                <\/div>\n            <\/div>\n            <div class=\"pcbg-content\">\n                <div class=\"pcbg-content-flex\">\n                    <a class=\"pcbg-bgoverlay\"\n                       href=\"https:\/\/atl.org.mx\/index.php\/conversatorio-en-linea-mujeres-agua-y-ciencia-rompiendo-brechas-en-el-mundo-digital-2\/\" title=\"Conversatorio en l\u00ednea: Mujeres, agua y ciencia, rompiendo brechas en el mundo digital\"><\/a>\n                    <div class=\"pcbg-content-inner bgcontent-block\">\n                        <a href=\"https:\/\/atl.org.mx\/index.php\/conversatorio-en-linea-mujeres-agua-y-ciencia-rompiendo-brechas-en-el-mundo-digital-2\/\" title=\"Conversatorio en l\u00ednea: Mujeres, agua y ciencia, rompiendo brechas en el mundo digital\"\n                           class=\"pcbg-bgoverlaytext item-hover\"><\/a>\n\n\t\t\t\t\t\t\n\t\t\t\t\t\t                            <div class=\"pcbg-heading item-hover\">\n                                <h3 class=\"pcbg-title\">\n                                    <a href=\"https:\/\/atl.org.mx\/index.php\/conversatorio-en-linea-mujeres-agua-y-ciencia-rompiendo-brechas-en-el-mundo-digital-2\/\">\n\t\t\t\t\t\t\t\t\t\tConversatorio en l\u00ednea: Mujeres, agua y ciencia, rompiendo brechas en el mundo digital                                    <\/a>\n                                <\/h3>\n                            <\/div>\n\t\t\t\t\t\t\n\t\t\t\t\t\t\n\t\t\t\t\t\t                    <\/div>\n                <\/div>\n            <\/div>\n        <\/div>\n    <\/div>\n<\/div>\n<div class=\"penci-bgitem\">\n    <div class=\"penci-bgitin\">\n        <div class=\"penci-bgmain\">\n            <div class=\"pcbg-thumb\">\n\t\t\t\t\t\t\t\t                <div class=\"pcbg-thumbin\">\n                    <a class=\"pcbg-bgoverlay active-overlay\"\n                       href=\"https:\/\/atl.org.mx\/index.php\/water-energy-food-nexus-in-the-context-of-climate-change\/\" title=\"Water-Energy-Food Nexus in the Context of Climate Change\"><\/a>\n\n                        <div  data-bgset=\"https:\/\/atl.org.mx\/wp-content\/uploads\/2024\/02\/the-water-energy.jpg\" data_bg_hidpi=\"https:\/\/atl.org.mx\/wp-content\/uploads\/2024\/02\/the-water-energy.jpg\" class=\"penci-lazy penci-image-holder\">\n                                                    <\/div>\n\n                <\/div>\n            <\/div>\n            <div class=\"pcbg-content\">\n                <div class=\"pcbg-content-flex\">\n                    <a class=\"pcbg-bgoverlay\"\n                       href=\"https:\/\/atl.org.mx\/index.php\/water-energy-food-nexus-in-the-context-of-climate-change\/\" title=\"Water-Energy-Food Nexus in the Context of Climate Change\"><\/a>\n                    <div class=\"pcbg-content-inner bgcontent-block\">\n                        <a href=\"https:\/\/atl.org.mx\/index.php\/water-energy-food-nexus-in-the-context-of-climate-change\/\" title=\"Water-Energy-Food Nexus in the Context of Climate Change\"\n                           class=\"pcbg-bgoverlaytext item-hover\"><\/a>\n\n\t\t\t\t\t\t\n\t\t\t\t\t\t                            <div class=\"pcbg-heading item-hover\">\n                                <h3 class=\"pcbg-title\">\n                                    <a href=\"https:\/\/atl.org.mx\/index.php\/water-energy-food-nexus-in-the-context-of-climate-change\/\">\n\t\t\t\t\t\t\t\t\t\tWater-Energy-Food Nexus in the Context of Climate Change                                    <\/a>\n                                <\/h3>\n                            <\/div>\n\t\t\t\t\t\t\n\t\t\t\t\t\t\n\t\t\t\t\t\t                    <\/div>\n                <\/div>\n            <\/div>\n        <\/div>\n    <\/div>\n<\/div>\n<\/div>                <\/div>\n\t\t\t\t            <\/div>\n        <\/div>\n\t\t\t\t\t\t<\/div>\n\t\t\t\t<\/div>\n\t\t\t\t\t<\/div>\n\t\t<\/div>\n\t\t\t\t\t<\/div>\n\t\t<\/section>\n\t\t\t\t<\/div>\n\t\t","protected":false},"excerpt":{"rendered":"<p>El Espacio de Conocimiento se cre\u00f3 con la finalidad de ser un lugar de encuentro entre investigadores, acad\u00e9micos, especialistas y profesionales interesados&hellip;<\/p>\n","protected":false},"author":1,"featured_media":0,"parent":0,"menu_order":0,"comment_status":"closed","ping_status":"closed","template":"","meta":{"content-type":"","_lmt_disableupdate":"","_lmt_disable":"","footnotes":""},"class_list":["post-5017","page","type-page","status-publish","hentry"],"yoast_head":"<!-- This site is optimized with the Yoast SEO plugin v27.0 - https:\/\/yoast.com\/product\/yoast-seo-wordpress\/ -->\n<title>Espacio de conocimiento 2023 - ATL el portal del agua de la C\u00e1tedra Unesco IMTA<\/title>\n<meta name=\"robots\" content=\"index, follow, max-snippet:-1, max-image-preview:large, max-video-preview:-1\" \/>\n<link rel=\"canonical\" href=\"https:\/\/atl.org.mx\/index.php\/espacio-de-conocimiento-2023\/\" \/>\n<meta property=\"og:locale\" content=\"es_MX\" \/>\n<meta property=\"og:type\" content=\"article\" \/>\n<meta property=\"og:title\" content=\"Espacio de conocimiento 2023 - ATL el portal del agua de la C\u00e1tedra Unesco IMTA\" \/>\n<meta property=\"og:description\" content=\"El Espacio de Conocimiento se cre\u00f3 con la finalidad de ser un lugar de encuentro entre investigadores, acad\u00e9micos, especialistas y profesionales interesados&hellip;\" \/>\n<meta property=\"og:url\" content=\"https:\/\/atl.org.mx\/index.php\/espacio-de-conocimiento-2023\/\" \/>\n<meta property=\"og:site_name\" content=\"ATL el portal del agua de la C\u00e1tedra Unesco IMTA\" \/>\n<meta property=\"article:modified_time\" content=\"2024-02-22T21:35:43+00:00\" \/>\n<meta name=\"twitter:card\" content=\"summary_large_image\" \/>\n<meta name=\"twitter:label1\" content=\"Tiempo de lectura\" \/>\n\t<meta name=\"twitter:data1\" content=\"1 minuto\" \/>\n<script type=\"application\/ld+json\" class=\"yoast-schema-graph\">{\"@context\":\"https:\/\/schema.org\",\"@graph\":[{\"@type\":\"WebPage\",\"@id\":\"https:\/\/atl.org.mx\/index.php\/espacio-de-conocimiento-2023\/\",\"url\":\"https:\/\/atl.org.mx\/index.php\/espacio-de-conocimiento-2023\/\",\"name\":\"Espacio de conocimiento 2023 - ATL el portal del agua de la C\u00e1tedra Unesco IMTA\",\"isPartOf\":{\"@id\":\"https:\/\/atl.org.mx\/#website\"},\"datePublished\":\"2023-03-14T18:05:40+00:00\",\"dateModified\":\"2024-02-22T21:35:43+00:00\",\"breadcrumb\":{\"@id\":\"https:\/\/atl.org.mx\/index.php\/espacio-de-conocimiento-2023\/#breadcrumb\"},\"inLanguage\":\"es\",\"potentialAction\":[{\"@type\":\"ReadAction\",\"target\":[\"https:\/\/atl.org.mx\/index.php\/espacio-de-conocimiento-2023\/\"]}]},{\"@type\":\"BreadcrumbList\",\"@id\":\"https:\/\/atl.org.mx\/index.php\/espacio-de-conocimiento-2023\/#breadcrumb\",\"itemListElement\":[{\"@type\":\"ListItem\",\"position\":1,\"name\":\"Inicio\",\"item\":\"https:\/\/atl.org.mx\/\"},{\"@type\":\"ListItem\",\"position\":2,\"name\":\"Espacio de conocimiento 2023\"}]},{\"@type\":\"WebSite\",\"@id\":\"https:\/\/atl.org.mx\/#website\",\"url\":\"https:\/\/atl.org.mx\/\",\"name\":\"ATL el portal del agua de la C\u00e1tedra Unesco IMTA\",\"description\":\"C\u00e1tedra UNESCO-IMTA\",\"publisher\":{\"@id\":\"https:\/\/atl.org.mx\/#organization\"},\"potentialAction\":[{\"@type\":\"SearchAction\",\"target\":{\"@type\":\"EntryPoint\",\"urlTemplate\":\"https:\/\/atl.org.mx\/?s={search_term_string}\"},\"query-input\":{\"@type\":\"PropertyValueSpecification\",\"valueRequired\":true,\"valueName\":\"search_term_string\"}}],\"inLanguage\":\"es\"},{\"@type\":\"Organization\",\"@id\":\"https:\/\/atl.org.mx\/#organization\",\"name\":\"ATL el portal del agua de la C\u00e1tedra Unesco IMTA\",\"url\":\"https:\/\/atl.org.mx\/\",\"logo\":{\"@type\":\"ImageObject\",\"inLanguage\":\"es\",\"@id\":\"https:\/\/atl.org.mx\/#\/schema\/logo\/image\/\",\"url\":\"https:\/\/atl.org.mx\/wp-content\/uploads\/2023\/09\/logo_atl_catedra3.png\",\"contentUrl\":\"https:\/\/atl.org.mx\/wp-content\/uploads\/2023\/09\/logo_atl_catedra3.png\",\"width\":250,\"height\":151,\"caption\":\"ATL el portal del agua de la C\u00e1tedra Unesco IMTA\"},\"image\":{\"@id\":\"https:\/\/atl.org.mx\/#\/schema\/logo\/image\/\"}}]}<\/script>\n<!-- \/ Yoast SEO plugin. -->","yoast_head_json":{"title":"Espacio de conocimiento 2023 - ATL el portal del agua de la C\u00e1tedra Unesco IMTA","robots":{"index":"index","follow":"follow","max-snippet":"max-snippet:-1","max-image-preview":"max-image-preview:large","max-video-preview":"max-video-preview:-1"},"canonical":"https:\/\/atl.org.mx\/index.php\/espacio-de-conocimiento-2023\/","og_locale":"es_MX","og_type":"article","og_title":"Espacio de conocimiento 2023 - ATL el portal del agua de la C\u00e1tedra Unesco IMTA","og_description":"El Espacio de Conocimiento se cre\u00f3 con la finalidad de ser un lugar de encuentro entre investigadores, acad\u00e9micos, especialistas y profesionales interesados&hellip;","og_url":"https:\/\/atl.org.mx\/index.php\/espacio-de-conocimiento-2023\/","og_site_name":"ATL el portal del agua de la C\u00e1tedra Unesco IMTA","article_modified_time":"2024-02-22T21:35:43+00:00","twitter_card":"summary_large_image","twitter_misc":{"Tiempo de lectura":"1 minuto"},"schema":{"@context":"https:\/\/schema.org","@graph":[{"@type":"WebPage","@id":"https:\/\/atl.org.mx\/index.php\/espacio-de-conocimiento-2023\/","url":"https:\/\/atl.org.mx\/index.php\/espacio-de-conocimiento-2023\/","name":"Espacio de conocimiento 2023 - ATL el portal del agua de la C\u00e1tedra Unesco IMTA","isPartOf":{"@id":"https:\/\/atl.org.mx\/#website"},"datePublished":"2023-03-14T18:05:40+00:00","dateModified":"2024-02-22T21:35:43+00:00","breadcrumb":{"@id":"https:\/\/atl.org.mx\/index.php\/espacio-de-conocimiento-2023\/#breadcrumb"},"inLanguage":"es","potentialAction":[{"@type":"ReadAction","target":["https:\/\/atl.org.mx\/index.php\/espacio-de-conocimiento-2023\/"]}]},{"@type":"BreadcrumbList","@id":"https:\/\/atl.org.mx\/index.php\/espacio-de-conocimiento-2023\/#breadcrumb","itemListElement":[{"@type":"ListItem","position":1,"name":"Inicio","item":"https:\/\/atl.org.mx\/"},{"@type":"ListItem","position":2,"name":"Espacio de conocimiento 2023"}]},{"@type":"WebSite","@id":"https:\/\/atl.org.mx\/#website","url":"https:\/\/atl.org.mx\/","name":"ATL el portal del agua de la C\u00e1tedra Unesco IMTA","description":"C\u00e1tedra UNESCO-IMTA","publisher":{"@id":"https:\/\/atl.org.mx\/#organization"},"potentialAction":[{"@type":"SearchAction","target":{"@type":"EntryPoint","urlTemplate":"https:\/\/atl.org.mx\/?s={search_term_string}"},"query-input":{"@type":"PropertyValueSpecification","valueRequired":true,"valueName":"search_term_string"}}],"inLanguage":"es"},{"@type":"Organization","@id":"https:\/\/atl.org.mx\/#organization","name":"ATL el portal del agua de la C\u00e1tedra Unesco IMTA","url":"https:\/\/atl.org.mx\/","logo":{"@type":"ImageObject","inLanguage":"es","@id":"https:\/\/atl.org.mx\/#\/schema\/logo\/image\/","url":"https:\/\/atl.org.mx\/wp-content\/uploads\/2023\/09\/logo_atl_catedra3.png","contentUrl":"https:\/\/atl.org.mx\/wp-content\/uploads\/2023\/09\/logo_atl_catedra3.png","width":250,"height":151,"caption":"ATL el portal del agua de la C\u00e1tedra Unesco IMTA"},"image":{"@id":"https:\/\/atl.org.mx\/#\/schema\/logo\/image\/"}}]}},"_links":{"self":[{"href":"https:\/\/atl.org.mx\/index.php\/wp-json\/wp\/v2\/pages\/5017","targetHints":{"allow":["GET"]}}],"collection":[{"href":"https:\/\/atl.org.mx\/index.php\/wp-json\/wp\/v2\/pages"}],"about":[{"href":"https:\/\/atl.org.mx\/index.php\/wp-json\/wp\/v2\/types\/page"}],"author":[{"embeddable":true,"href":"https:\/\/atl.org.mx\/index.php\/wp-json\/wp\/v2\/users\/1"}],"replies":[{"embeddable":true,"href":"https:\/\/atl.org.mx\/index.php\/wp-json\/wp\/v2\/comments?post=5017"}],"version-history":[{"count":34,"href":"https:\/\/atl.org.mx\/index.php\/wp-json\/wp\/v2\/pages\/5017\/revisions"}],"predecessor-version":[{"id":8226,"href":"https:\/\/atl.org.mx\/index.php\/wp-json\/wp\/v2\/pages\/5017\/revisions\/8226"}],"wp:attachment":[{"href":"https:\/\/atl.org.mx\/index.php\/wp-json\/wp\/v2\/media?parent=5017"}],"curies":[{"name":"wp","href":"https:\/\/api.w.org\/{rel}","templated":true}]}}